6 + i)/(2/(-71)). Suppose 3*q - r + 6 = 47, 0 = -5*q + 3*r + g. What is the remainder when 37 is divided by q?
11
Let t = -101 - -193. Let x = -28 + t. Suppose 3*r - 3 - 53 = -b, 4*b = -4*r + x. Calculate the remainder when 57 is divided by r.
17
Calculate the remainder when ((-5284)/8)/(107/(-2354)) is divided by 26.
23
Let g = -12 + 54. Suppose -38 - g = 8*x. Let w(d) = d**3 + 15*d**2 + 22*d + 20. Calculate the remainder when w(x) is divided by 43.
42
Let o(v) = -2*v**2 + 6*v - 4. Let s be o(2). Suppose s = 5*z + 11 - 31. What is the remainder when 18 is divided by z?
2
Calculate the remainder when (236 - 146)/(1/2) is divided by 15.
0
Suppose -2*z - 12 = -3*p, 3*z - 1 = p - 5. Suppose z = 2*d + 6, -d = 3*j - 34 - 29. Calculate the remainder when 67 is divided by j.
1
Let y = -11453 + 13444. What is the remainder when y is divided by 152?
15
Calculate the remainder when 1142 is divided by 2773/47 + (-3 + -4 - -2)*-1.
54
Let y = -4623 + 4645. What is the remainder when 1626 is divided by y?
20
Let b = 2567 - 2470. Calculate the remainder when 3586 is divided by b.
94
Let u(h) = -9*h**2 + 62*h + 3. Let m be u(6). Calculate the remainder when 74 is divided by (4/4)/(3/m).
6
Let u = 235 + -188. Let i = 561 + -139. Calculate the remainder when i is divided by u.
46
Let f be 12 + -1*(-3 - -3). Let h = 86 + -46. Calculate the remainder when 462/4*8/f is divided by h.
37
Let i = -12832 + 13089. Calculate the remainder when 778 is divided by i.
7
Let v = -60 + 50. Let a be 66/55 - 8/v. Suppose -c + 2*q - 7 = -3, 5*q - 19 = -a*c. Calculate the remainder when 7 is divided by c.
1
Suppose i - 357 + 29 = 4*u, 5*u = 10. What is the remainder when i is divided by 114?
108
Let n = 93 + -91. Suppose n*p = 6*p - 292. What is the remainder when p is divided by 29?
15
Let q(a) = -54*a**3 + a**2 + 26*a + 26. Calculate the remainder when 1040 is divided by q(-1).
50
Suppose -73*x + 70*x + 1161 = 0. Suppose -x = 134*w - 137*w. What is the remainder when w is divided by 67?
62
Calculate the remainder when -3 + (-77)/(-21) + 38395/21 is divided by 8.
5
Suppose 188*t - 186*t + 3*p - 2713 = 0, 3*t - p = 4042. What is the remainder when t is divided by 364?
257
Suppose -10*w + 144*w - 7047 + 1687 = 0. What is the remainder when 152 is divided by w?
32
Suppose d + 87 = 5*k - 42, 5*d - 5 = 0. Calculate the remainder when 28 is divided by k.
2
Let b(d) = -d**2 + 86*d + 3211. Calculate the remainder when 8984 is divided by b(-28).
16
What is the remainder when 3809 is divided by 153*((-3410)/(-198) + -11)?
1
What is the remainder when 2185 is divided by 13 - (290 - 286 - (0 - 1)*-6)?
10
Let x be (-50)/(-8) + 2/(-8) - -3. Suppose 4*v = x*v - 10. Suppose -3*u = -v*u - 147. What is the remainder when u is divided by 30?
27
Suppose 16*p = 10992 + 768. What is the remainder when p is divided by 92?
91
Let m(o) = o**2 - 7*o - 26. Let l be m(10). Suppose -l*d + 7 = -h + 73, 15 = -3*d. What is the remainder when h is divided by 24?
22
Suppose -i = -0*i - 311. Calculate the remainder when i is divided by -91*17/((-119)/3).
38
Let p = 1026 - 716. Let c = p - 289. Calculate the remainder when 76 is divided by c.
13
Let v(n) = n**3 + 32*n**2 + 48*n - 72. Let a be v(-30). Suppose 30*p - a = 72. What is the remainder when 2/1*(-94)/(-4) is divided by p?
11
Let o(d) = d**2 - 4*d - 18. What is the remainder when (1 + -62)*1*-1 is divided by o(8)?
5
Let v(y) = 384*y + 421. What is the remainder when v(3) is divided by 31?
23
Suppose 0 = 18*r - 20*r - 4*c + 36, 2*r + 5*c = 37. What is the remainder when 660/(-176)*r/(-6) is divided by 4?
2
Let s(t) = t**2 + 25*t - 45. Let f be s(3). Suppose 4*z - 57 - f = 0. What is the remainder when 42 is divided by z?
18
What is the remainder when 302 is divided by (-57)/((-1026)/(-180)) - -26?
14
Suppose -q + 2*j = -43, -21*q - 3*j + 63 = -20*q. Calculate the remainder when 197 is divided by q.
44
Suppose 0 = -p - 6 + 20. Suppose -1746 - 994 = 20*i. Let x = i - -192. Calculate the remainder when x is divided by p.
13
Suppose -2*v = 2, 2*s + 5*v = 7 - 16. What is the remainder when 51 is divided by -9 + (-16)/s + 41?
11
Let y(o) = -4*o**2 + 18*o + 4. Let d(f) = -f**2 + 1. Let l(v) = -3*d(v) + y(v). What is the remainder when 66 is divided by l(17)?
12
Let c = 2991 + -2980. Calculate the remainder when c is divided by 8.
3
Let i be 8 + -6 - 25/(-5). Suppose 0 = -i*p + 103 + 79. Calculate the remainder when p is divided by 9.
8
Let l(m) = 26*m - 7. Let j be l(0). What is the remainder when 215 is divided by (-582)/(-45) - j/105?
7
Suppose -2*h = -3*z - 1902, -4*h + 3800 = -239*z + 234*z. Calculate the remainder when h is divided by 11.
10
Suppose -30 + 14 = -4*r. Suppose -5*y + 38 = -r*i - 22, 2*y + 4 = -4*i. Let k(f) = -2*f**2 + 18*f - 11. What is the remainder when 8 is divided by k(y)?
3
Let k = 548 + -535. Suppose 7*s + k*s = 420. What is the remainder when 65 is divided by s?
2
Let d(s) = -106*s**2 - 527*s + 680. Let w = 16 + 22. Let o = 141 - w. What is the remainder when o is divided by d(-6)?
25
Let m be -1 - (-3)/((-15)/325). Let q = m - -26. What is the remainder when q/((-4)/24*3) is divided by 14?
10
Let n = -157 + 244. Let q = -336 - -343. Suppose -q*i + 194 = 61. What is the remainder when n is divided by i?
11
Let l(w) = 4*w**2 - 20*w + 34. Let b(g) = -g**2 + 3*g + 34. Let j be b(-4). What is the remainder when 192 is divided by l(j)?
18
Let h be -10 + (-14)/(-4)*(-32)/(-56). Let s be (5 - h/(-2))*0. Suppose -28 = -c + 5*l + 42, 2*c - l - 95 = s. Calculate the remainder when c is divided by 8.
5
Let b(f) = -165*f - 20. Let j be b(-4). Suppose j = 14*d + 38. Calculate the remainder when d is divided by 24.
19
Let w(b) = b**3 - 4*b**2 - 2*b - 5. Let j(u) = -u**2 - u + 5. Let x be j(0). What is the remainder when 21/(-9) - 425/(-15) is divided by w(x)?
6
Let o = -5783 - -5859. Let q(u) = -3 + u + 0*u**2 + u**2 - 2*u. What is the remainder when o is divided by q(-6)?
37
Let m = -1079 + 1111. Suppose -5*i = -4*i + 4*b - 205, 3*i - 643 = -5*b. What is the remainder when i is divided by m?
29
Let p(y) = -y**2 + 20*y + 5. Calculate the remainder when (-10)/(-15)*15 - (2 + 1) is divided by p(20).
2
Let y = 6802 - 3781. Calculate the remainder when 6053 is divided by y.
11
Suppose -10*g = 26 - 6. Let k(s) = -7*s - 4. Let h be k(g). Suppose h*i - 4*i - 108 = 0. What is the remainder when 31 is divided by i?
13
Let r(p) = 7*p + 10. Let w be r(-1). Suppose 5*i = -4*a + 560, -a = -i - w*i - 119. What is the remainder when a is divided by 30?
15
What is the remainder when 2754 is divided by ((-2 + 3)*6/2)/(177/1357)?
17
Let i(m) = 6*m - 71. Let d(k) = 5*k - 71. Let f(y) = -3*d(y) + 2*i(y). Calculate the remainder when f(-22) is divided by 24.
17
Suppose -743 = -5*v - 88. Suppose 5*h - 124 - v = 0. What is the remainder when 202 is divided by h?
49
Let a(f) = f**3 + 38*f**2 + 26*f - 384. Suppose -220 = -2*c + g, -2*c = 4*g - 80 - 160. Calculate the remainder when c is divided by a(-37).
20
Suppose -4 = 2*o + 2*q - 56, -q = -1. Let a(r) = 28*r - 270. Calculate the remainder when o is divided by a(10).
5
Let i(d) = -430*d + 5 + 426*d + 37*d**2 - 5*d**2. What is the remainder when i(-2) is divided by 16?
13
Let c be ((-2)/(-6))/(12/288). Suppose -350 = -4*d + 5*i, 6*i - c*i = 4*d - 364. What is the remainder when d is divided by 24?
18
Let k = -606 - -687. Calculate the remainder when k is divided by 17.
13
Suppose 71*j = 66*j - 10. Let r be ((-5)/(-20)*1)/(j/(-424)). Suppose i - 4 = -5*x + r, -10 = -5*i. Calculate the remainder when 40 is divided by x.
7
Suppose -21080 = -82*z - 134*z + 61*z. What is the remainder when 4347 is divided by z?
131
Suppose 4*y = -6*y + 1370. Suppose 2*b = 3*j + y, -b = -0*b - j - 66. Calculate the remainder when b is divided by 25.
11
Suppose 5755 = 33*t - 5335 - 196. What is the remainder when 1597 is divided by t?
229
Let b be 143/(-65) - (-1 + 18/10). What is the remainder when 416 is divided by (b/(-9))/((-9)/27) - -23?
20
Suppose 5*u = p + 3644, 0 = 139*u - 137*u - p - 1454. What is the remainder when u is divided by 242?
4
Let x(w) = -542*w + 18996. Suppose -3*d + 2*d + 231 = 0. Calculate the remainder when d is divided by x(35).
23
Suppose 2*x - 83 = -3*d - 71, -4*x + 32 = 4*d. Calculate the remainder when 106 is divi